{"id":1342,"date":"2019-07-11T17:58:06","date_gmt":"2019-07-11T16:58:06","guid":{"rendered":"http:\/\/imkerverein-lev.de\/?page_id=1342"},"modified":"2024-06-27T10:21:09","modified_gmt":"2024-06-27T09:21:09","slug":"unsere-stockwaage","status":"publish","type":"page","link":"https:\/\/imkerverein-lev.de\/?page_id=1342","title":{"rendered":"Stockwaage"},"content":{"rendered":"<table border=\"0\" width=\"100%\" cellspacing=\"0\" cellpadding=\"4\">\n<colgroup>\n<col width=\"128*\" \/>\n<col width=\"128*\" \/> <\/colgroup>\n<tbody>\n<tr valign=\"TOP\">\n<td width=\"30%\"><iframe style=\"width: 300px; height: 450px;\" src=\"https:\/\/app.wolf-waagen.de\/public\/widget\/scale\/GW3DXG\" frameborder=\"0\"><\/iframe><\/td>\n<td width=\"50%\">Seit 2019 nehmen wir am Projekt TrachtNet teil.<\/p>\n<p>TrachtNet Deutschland ist ein Gemeinschaftsprojekt des rheinland-pf\u00e4lzischen Fachzentrums f\u00fcr Bienen und Imkerei Mayen, der Agrarmeteorologie Rheinland-Pfalz und dem bayrischen Institut f\u00fcr Bienenkunde und Imkerei Veitsh\u00f6chheim.<\/p>\n<p>An \u00fcber 200 Standorten wird der Nahrungseintrag von Bienenv\u00f6lkern gemessen, verrechnet und zu Diagrammen aufbereitet.<br \/>\nDie Informationen der Leverkusener TrachtNetwaage sind f\u00fcr die Imker unseres Vereins sehr interessant. Hier k\u00f6nnen wir beispielsweise Trachtbeginn und auch Trachtende sicher ablesen.<br \/>\nIn den ersten Wochen des Jahres fressen die Bienen mehr als sie sammeln und die Bienenv\u00f6lker werden leichter. Ab Trachtbeginn sammeln die Bienen mehr und legen Vorr\u00e4te an.<br \/>\nNehmen die Gewichte wieder kontinuierlich ab,\u00a0 sind wir am Trachtende angekommen.<\/p>\n<p>Die Entwicklung des Teilprojekts \u201eTrachtsummen\u201d wurde finanziert vom F\u00f6rderverein Apicultur e.V. (Mayen).<\/td>\n<\/tr>\n<\/tbody>\n<\/table>\n","protected":false},"excerpt":{"rendered":"<p>Seit 2019 nehmen wir am Projekt TrachtNet teil. TrachtNet Deutschland ist ein Gemeinschaftsprojekt des rheinland-pf\u00e4lzischen Fachzentrums f\u00fcr Bienen und Imkerei Mayen, der Agrarmeteorologie Rheinland-Pfalz und dem bayrischen Institut f\u00fcr Bienenkunde und Imkerei Veitsh\u00f6chheim. An \u00fcber 200 Standorten wird der Nahrungseintrag von Bienenv\u00f6lkern gemessen, verrechnet und zu Diagrammen aufbereitet. Die Informationen der Leverkusener TrachtNetwaage sind f\u00fcr die Imker unseres Vereins sehr interessant. Hier k\u00f6nnen wir beispielsweise Trachtbeginn und auch Trachtende sicher ablesen. In den ersten Wochen des Jahres fressen die Bienen mehr als sie sammeln und die Bienenv\u00f6lker werden leichter. Ab Trachtbeginn sammeln die Bienen mehr und legen Vorr\u00e4te an. Nehmen die Gewichte wieder kontinuierlich ab,\u00a0 sind wir am Trachtende angekommen. Die Entwicklung des Teilprojekts \u201eTrachtsummen\u201d wurde finanziert vom F\u00f6rderverein Apicultur e.V. (Mayen).<\/p>\n","protected":false},"author":1,"featured_media":0,"parent":0,"menu_order":0,"comment_status":"closed","ping_status":"closed","template":"","meta":{"_bbp_topic_count":0,"_bbp_reply_count":0,"_bbp_total_topic_count":0,"_bbp_total_reply_count":0,"_bbp_voice_count":0,"_bbp_anonymous_reply_count":0,"_bbp_topic_count_hidden":0,"_bbp_reply_count_hidden":0,"_bbp_forum_subforum_count":0},"_links":{"self":[{"href":"https:\/\/imkerverein-lev.de\/index.php?rest_route=\/wp\/v2\/pages\/1342"}],"collection":[{"href":"https:\/\/imkerverein-lev.de\/index.php?rest_route=\/wp\/v2\/pages"}],"about":[{"href":"https:\/\/imkerverein-lev.de\/index.php?rest_route=\/wp\/v2\/types\/page"}],"author":[{"embeddable":true,"href":"https:\/\/imkerverein-lev.de\/index.php?rest_route=\/wp\/v2\/users\/1"}],"replies":[{"embeddable":true,"href":"https:\/\/imkerverein-lev.de\/index.php?rest_route=%2Fwp%2Fv2%2Fcomments&post=1342"}],"version-history":[{"count":11,"href":"https:\/\/imkerverein-lev.de\/index.php?rest_route=\/wp\/v2\/pages\/1342\/revisions"}],"predecessor-version":[{"id":2064,"href":"https:\/\/imkerverein-lev.de\/index.php?rest_route=\/wp\/v2\/pages\/1342\/revisions\/2064"}],"wp:attachment":[{"href":"https:\/\/imkerverein-lev.de\/index.php?rest_route=%2Fwp%2Fv2%2Fmedia&parent=1342"}],"curies":[{"name":"wp","href":"https:\/\/api.w.org\/{rel}","templated":true}]}}