{"id":18,"date":"2018-11-11T19:03:01","date_gmt":"2018-11-11T19:03:01","guid":{"rendered":"http:\/\/dragundo.de\/?page_id=18"},"modified":"2025-12-22T12:06:24","modified_gmt":"2025-12-22T11:06:24","slug":"vorstand-obleute","status":"publish","type":"page","link":"https:\/\/imkerverein-lev.de\/?page_id=18","title":{"rendered":"Vorstand &#038; Obleute"},"content":{"rendered":"<h3><\/h3>\n<h3>Unser Vorstand<\/h3>\n<p>Unser Vorstand ist genauso vielseitig wie der Rest unseres Vereins und besteht sowohl aus Mitgliedern mit unsch\u00e4tzbarer jahrzehntelanger Erfahrung als auch aus engagierten Jungimkern.<\/p>\n<p>&nbsp;<\/p>\n<table style=\"height: 852px;\" width=\"620\" cellspacing=\"0\" cellpadding=\"2\">\n<tbody>\n<tr>\n<td>\n<h6 style=\"text-align: left;\">Heike Maniatis<\/h6>\n<\/td>\n<td>\u00a01. Vorsitzende<\/td>\n<td>Tel: +49 178 50 80 523<\/p>\n<p>vorsitz1@imkerverein-lev.de<\/p>\n<p><a href=\"mailto:vorsitz1@imkerverein-lev.de\" data-fcksavedurl=\"mailto:vorsitz1@imkerverein-lev.de\">eMail schreiben<\/a><\/td>\n<\/tr>\n<tr>\n<td>\n<h6>Klaus Thois<\/h6>\n<\/td>\n<td>\u00a02. Vorsitzender<\/td>\n<td>Tel:<\/p>\n<p>vorsitz2@imkerverein-lev.de<\/p>\n<p><a href=\"mailto:vorsitz2@imkerverein-lev.de\" data-fcksavedurl=\"mailto:vorsitz2@imkerverein-lev.de\">eMail schreiben<\/a><\/td>\n<\/tr>\n<tr>\n<td>\n<h6>Sascha van Berkum<\/h6>\n<\/td>\n<td>\u00a01. Schriftf\u00fchrer<\/td>\n<td>Tel: +49 160 93 96 41 17<\/p>\n<p>schriftfuehrer1@imkerverein-lev.de<\/p>\n<p><a href=\"mailto:schriftfuehrer1@imkerverein-lev.de\" data-fcksavedurl=\"mailto:schriftfuehrer1@imkerverein-lev.de\">eMail schreiben<\/a><\/td>\n<\/tr>\n<tr>\n<td>\n<h6>Kerstin Laube<\/h6>\n<\/td>\n<td>2. Schriftf\u00fchrerin<\/td>\n<td>Tel: +49 2173 16 17 450<\/p>\n<p>schriftfuehrer2@imkerverein-lev.de<\/p>\n<p><a href=\"mailto:schriftfuehrer2@imkerverein-lev.de\" data-fcksavedurl=\"mailto:schriftfuehrer1@imkerverein-lev.de\">eMail schreiben<\/a><\/td>\n<\/tr>\n<tr>\n<td>\n<h6>Axel von Platen<\/h6>\n<\/td>\n<td>\u00a01. Kassierer<\/td>\n<td>Tel: +49 2171 30298<\/p>\n<p>kassierer1@imkerverein-lev.de<\/p>\n<p><a href=\"mailto:kassierer1@imkerverein-lev.de\" data-fcksavedurl=\"mailto:kassiererin1@imkerverein-lev.de\">eMail schreiben<\/a><\/td>\n<\/tr>\n<tr>\n<td style=\"text-align: left;\">\n<h6>Andrea Schlegel<\/h6>\n<\/td>\n<td style=\"text-align: left;\">\u00a02. Kassiererin<\/td>\n<td>\n<p style=\"text-align: left;\">Tel:<\/p>\n<p>Kassierer2@imkerverein-lev.de<\/p>\n<p style=\"text-align: left;\"><a href=\"mailto:Kassierer2@imkerverein-lev.de\" data-fcksavedurl=\"mailto:Kassierer2@imkerverein-lev.de\">eMail schreiben<\/a><\/p>\n<\/td>\n<\/tr>\n<\/tbody>\n<\/table>\n<p>&nbsp;<\/p>\n<p>&nbsp;<\/p>\n<h3>Unsere Obleute<\/h3>\n<p>Unsere Spezialisten kennen sich aus.<br \/>\nZu den wichtigsten Themenbereichen der Imerkei stehen unseren Mitgliedern Imkerinnen und Imker mit ihrem Fachwissen zur Verf\u00fcgung, welches sie sich \u00fcber viele Jahre angeeignet oder durch spezielle Schulungen erworben haben.<\/p>\n<p>&nbsp;<\/p>\n<p>&nbsp;<\/p>\n<p>&nbsp;<\/p>\n<p>&nbsp;<\/p>\n<table style=\"height: 1147px;\" width=\"762\">\n<tbody>\n<tr>\n<td width=\"135\">\n<h6>Bienensachverst\u00e4ndige<br \/>\nund Bienengesundheit<\/h6>\n<\/td>\n<td width=\"297\">Dr. Oskar Rau<\/p>\n<p>Hermann Schratter<\/p>\n<p>Ulrich R\u00fcdiger<\/p>\n<p>Paul Baur<\/p>\n<p>Tanja Verch<\/p>\n<p>David Schmitz<\/td>\n<td width=\"161\">Tel: 0221 \/ 662789<\/p>\n<p>Tel: 0214 \/ 28155<\/p>\n<p>Tel: 02171 \/ 760562<\/p>\n<p>Tel: 02193 \/ 1475<\/p>\n<p>Tel: 01577\/ 6046527<\/p>\n<p>Tel: 0177 \/ 3007650<\/td>\n<\/tr>\n<tr>\n<td width=\"135\">\n<h6>Honigsachverst\u00e4ndige<\/h6>\n<\/td>\n<td width=\"297\">Dr. Oskar Rau<\/p>\n<p>Ulrich R\u00fcdiger<\/td>\n<td width=\"161\">Tel: 0221 \/ 662789<\/p>\n<p>Tel: 02171 \/ 760562<\/td>\n<\/tr>\n<tr>\n<td width=\"135\">\n<h6>Bienengesundheit<\/h6>\n<\/td>\n<td width=\"297\">Rudi Bauer<\/td>\n<td width=\"161\">Tel: 02202 \/ 7418<\/td>\n<\/tr>\n<tr>\n<td width=\"135\">\n<h6>Bienenwachs<\/h6>\n<\/td>\n<td width=\"297\">David Schmitz<\/td>\n<td width=\"161\">Tel: 0177 \/ 3007650<\/td>\n<\/tr>\n<tr>\n<td width=\"135\">\n<h6>Bienenweide<\/h6>\n<\/td>\n<td width=\"297\">Sandra Gebhardt<\/td>\n<td width=\"161\">Tel: 0151 \/ 27557873<\/td>\n<\/tr>\n<tr>\n<td width=\"135\">\n<h6>Ger\u00e4tschaften<\/h6>\n<\/td>\n<td width=\"297\">Klaus Thois<\/td>\n<td width=\"161\">Tel: 0172 7292390<\/td>\n<\/tr>\n<tr>\n<td width=\"135\">\n<h6>Internetpr\u00e4senz<\/h6>\n<\/td>\n<td width=\"297\">Kerstin Laube<\/td>\n<td width=\"161\">Tel: 01578 \/ 4069539<\/td>\n<\/tr>\n<tr>\n<td width=\"135\">\n<h6>K\u00f6niginnenzucht<\/h6>\n<\/td>\n<td width=\"297\">Rudi Bauer<\/p>\n<p>Klaus Thois<\/td>\n<td width=\"161\">Tel: 02202 \/ 7418<\/p>\n<p>Tel: 02171 \/ 7370808<\/td>\n<\/tr>\n<tr>\n<td width=\"135\">\n<h6>Wildbienen<\/h6>\n<\/td>\n<td width=\"297\">Angela Zerfass<\/td>\n<td width=\"161\">Tel: 02171 \/ 340 58 50<\/td>\n<\/tr>\n<\/tbody>\n<\/table>\n<table style=\"height: 74px;\" width=\"761\">\n<tbody>\n<tr>\n<td width=\"135\">\n<h6>Wanderwart<\/h6>\n<\/td>\n<td width=\"297\">Hermann Schratter<\/td>\n<td width=\"161\">Tel: 0214 \/ 28155<\/td>\n<\/tr>\n<\/tbody>\n<\/table>\n","protected":false},"excerpt":{"rendered":"<p>Unser Vorstand Unser Vorstand ist genauso vielseitig wie der Rest unseres Vereins und besteht sowohl aus Mitgliedern mit unsch\u00e4tzbarer jahrzehntelanger Erfahrung als auch aus engagierten Jungimkern. &nbsp; Heike Maniatis \u00a01. Vorsitzende Tel: +49 178 50 80 523 vorsitz1@imkerverein-lev.de eMail schreiben Klaus Thois \u00a02. Vorsitzender Tel: vorsitz2@imkerverein-lev.de eMail schreiben Sascha van Berkum \u00a01. Schriftf\u00fchrer Tel: +49 160 93 96 41 17 schriftfuehrer1@imkerverein-lev.de eMail schreiben Kerstin Laube 2. Schriftf\u00fchrerin Tel: +49 2173 16 17 450 schriftfuehrer2@imkerverein-lev.de eMail schreiben Axel von Platen \u00a01. Kassierer Tel: +49 2171 30298 kassierer1@imkerverein-lev.de eMail schreiben Andrea Schlegel \u00a02. Kassiererin Tel: Kassierer2@imkerverein-lev.de eMail schreiben &nbsp; &nbsp; Unsere Obleute Unsere Spezialisten kennen sich aus. Zu den wichtigsten Themenbereichen der Imerkei stehen unseren Mitgliedern Imkerinnen und Imker mit ihrem Fachwissen zur Verf\u00fcgung, welches sie sich \u00fcber viele Jahre angeeignet oder durch spezielle Schulungen erworben haben. &nbsp; &nbsp; &nbsp; &nbsp; Bienensachverst\u00e4ndige und Bienengesundheit Dr. Oskar Rau Hermann Schratter Ulrich R\u00fcdiger Paul Baur Tanja Verch David Schmitz Tel: 0221 \/ 662789 Tel: 0214 \/ 28155 Tel: 02171 \/ 760562 Tel: 02193 \/ 1475 Tel: 01577\/ 6046527 Tel: 0177 \/ 3007650 Honigsachverst\u00e4ndige Dr. Oskar Rau Ulrich R\u00fcdiger Tel: 0221 \/ 662789 Tel: 02171 \/ 760562 Bienengesundheit Rudi Bauer Tel: 02202 \/ 7418 Bienenwachs David Schmitz Tel: 0177 \/ 3007650 Bienenweide Sandra Gebhardt Tel: 0151 \/ 27557873 Ger\u00e4tschaften Klaus Thois Tel: 0172 7292390 Internetpr\u00e4senz Kerstin Laube Tel: 01578 \/ 4069539 K\u00f6niginnenzucht Rudi Bauer Klaus Thois Tel: 02202 \/ 7418 Tel: 02171 \/ 7370808 Wildbienen Angela Zerfass Tel: 02171 \/ 340 58 50 Wanderwart Hermann Schratter Tel: 0214 \/ 28155<\/p>\n","protected":false},"author":1,"featured_media":0,"parent":0,"menu_order":0,"comment_status":"closed","ping_status":"closed","template":"","meta":{"_bbp_topic_count":0,"_bbp_reply_count":0,"_bbp_total_topic_count":0,"_bbp_total_reply_count":0,"_bbp_voice_count":0,"_bbp_anonymous_reply_count":0,"_bbp_topic_count_hidden":0,"_bbp_reply_count_hidden":0,"_bbp_forum_subforum_count":0},"_links":{"self":[{"href":"https:\/\/imkerverein-lev.de\/index.php?rest_route=\/wp\/v2\/pages\/18"}],"collection":[{"href":"https:\/\/imkerverein-lev.de\/index.php?rest_route=\/wp\/v2\/pages"}],"about":[{"href":"https:\/\/imkerverein-lev.de\/index.php?rest_route=\/wp\/v2\/types\/page"}],"author":[{"embeddable":true,"href":"https:\/\/imkerverein-lev.de\/index.php?rest_route=\/wp\/v2\/users\/1"}],"replies":[{"embeddable":true,"href":"https:\/\/imkerverein-lev.de\/index.php?rest_route=%2Fwp%2Fv2%2Fcomments&post=18"}],"version-history":[{"count":27,"href":"https:\/\/imkerverein-lev.de\/index.php?rest_route=\/wp\/v2\/pages\/18\/revisions"}],"predecessor-version":[{"id":2120,"href":"https:\/\/imkerverein-lev.de\/index.php?rest_route=\/wp\/v2\/pages\/18\/revisions\/2120"}],"wp:attachment":[{"href":"https:\/\/imkerverein-lev.de\/index.php?rest_route=%2Fwp%2Fv2%2Fmedia&parent=18"}],"curies":[{"name":"wp","href":"https:\/\/api.w.org\/{rel}","templated":true}]}}

<h3></h3>
<h3>Unser Vorstand</h3>
<p>Unser Vorstand ist genauso vielseitig wie der Rest unseres Vereins und besteht sowohl aus Mitgliedern mit unschätzbarer jahrzehntelanger Erfahrung als auch aus engagierten Jungimkern.</p>
<p>&nbsp;</p>
<table style="height: 852px;" width="620" cellspacing="0" cellpadding="2">
<tbody>
<tr>
<td>
<h6 style="text-align: left;">Heike Maniatis</h6>
</td>
<td> 1. Vorsitzende</td>
<td>Tel: +49 178 50 80 523</p>
<p>vorsitz1@imkerverein-lev.de</p>
<p><a href="mailto:vorsitz1@imkerverein-lev.de" data-fcksavedurl="mailto:vorsitz1@imkerverein-lev.de">eMail schreiben</a></td>
</tr>
<tr>
<td>
<h6>Klaus Thois</h6>
</td>
<td> 2. Vorsitzender</td>
<td>Tel:</p>
<p>vorsitz2@imkerverein-lev.de</p>
<p><a href="mailto:vorsitz2@imkerverein-lev.de" data-fcksavedurl="mailto:vorsitz2@imkerverein-lev.de">eMail schreiben</a></td>
</tr>
<tr>
<td>
<h6>Sascha van Berkum</h6>
</td>
<td> 1. Schriftführer</td>
<td>Tel: +49 160 93 96 41 17</p>
<p>schriftfuehrer1@imkerverein-lev.de</p>
<p><a href="mailto:schriftfuehrer1@imkerverein-lev.de" data-fcksavedurl="mailto:schriftfuehrer1@imkerverein-lev.de">eMail schreiben</a></td>
</tr>
<tr>
<td>
<h6>Kerstin Laube</h6>
</td>
<td>2. Schriftführerin</td>
<td>Tel: +49 2173 16 17 450</p>
<p>schriftfuehrer2@imkerverein-lev.de</p>
<p><a href="mailto:schriftfuehrer2@imkerverein-lev.de" data-fcksavedurl="mailto:schriftfuehrer1@imkerverein-lev.de">eMail schreiben</a></td>
</tr>
<tr>
<td>
<h6>Axel von Platen</h6>
</td>
<td> 1. Kassierer</td>
<td>Tel: +49 2171 30298</p>
<p>kassierer1@imkerverein-lev.de</p>
<p><a href="mailto:kassierer1@imkerverein-lev.de" data-fcksavedurl="mailto:kassiererin1@imkerverein-lev.de">eMail schreiben</a></td>
</tr>
<tr>
<td style="text-align: left;">
<h6>Andrea Schlegel</h6>
</td>
<td style="text-align: left;"> 2. Kassiererin</td>
<td>
<p style="text-align: left;">Tel:</p>
<p>Kassierer2@imkerverein-lev.de</p>
<p style="text-align: left;"><a href="mailto:Kassierer2@imkerverein-lev.de" data-fcksavedurl="mailto:Kassierer2@imkerverein-lev.de">eMail schreiben</a></p>
</td>
</tr>
</tbody>
</table>
<p>&nbsp;</p>
<p>&nbsp;</p>
<h3>Unsere Obleute</h3>
<p>Unsere Spezialisten kennen sich aus.<br />
Zu den wichtigsten Themenbereichen der Imerkei stehen unseren Mitgliedern Imkerinnen und Imker mit ihrem Fachwissen zur Verfügung, welches sie sich über viele Jahre angeeignet oder durch spezielle Schulungen erworben haben.</p>
<p>&nbsp;</p>
<p>&nbsp;</p>
<p>&nbsp;</p>
<p>&nbsp;</p>
<table style="height: 1147px;" width="762">
<tbody>
<tr>
<td width="135">
<h6>Bienensachverständige<br />
und Bienengesundheit</h6>
</td>
<td width="297">Dr. Oskar Rau</p>
<p>Hermann Schratter</p>
<p>Ulrich Rüdiger</p>
<p>Paul Baur</p>
<p>Tanja Verch</p>
<p>David Schmitz</td>
<td width="161">Tel: 0221 / 662789</p>
<p>Tel: 0214 / 28155</p>
<p>Tel: 02171 / 760562</p>
<p>Tel: 02193 / 1475</p>
<p>Tel: 01577/ 6046527</p>
<p>Tel: 0177 / 3007650</td>
</tr>
<tr>
<td width="135">
<h6>Honigsachverständige</h6>
</td>
<td width="297">Dr. Oskar Rau</p>
<p>Ulrich Rüdiger</td>
<td width="161">Tel: 0221 / 662789</p>
<p>Tel: 02171 / 760562</td>
</tr>
<tr>
<td width="135">
<h6>Bienengesundheit</h6>
</td>
<td width="297">Rudi Bauer</td>
<td width="161">Tel: 02202 / 7418</td>
</tr>
<tr>
<td width="135">
<h6>Bienenwachs</h6>
</td>
<td width="297">David Schmitz</td>
<td width="161">Tel: 0177 / 3007650</td>
</tr>
<tr>
<td width="135">
<h6>Bienenweide</h6>
</td>
<td width="297">Sandra Gebhardt</td>
<td width="161">Tel: 0151 / 27557873</td>
</tr>
<tr>
<td width="135">
<h6>Gerätschaften</h6>
</td>
<td width="297">Klaus Thois</td>
<td width="161">Tel: 0172 7292390</td>
</tr>
<tr>
<td width="135">
<h6>Internetpräsenz</h6>
</td>
<td width="297">Kerstin Laube</td>
<td width="161">Tel: 01578 / 4069539</td>
</tr>
<tr>
<td width="135">
<h6>Königinnenzucht</h6>
</td>
<td width="297">Rudi Bauer</p>
<p>Klaus Thois</td>
<td width="161">Tel: 02202 / 7418</p>
<p>Tel: 02171 / 7370808</td>
</tr>
<tr>
<td width="135">
<h6>Wildbienen</h6>
</td>
<td width="297">Angela Zerfass</td>
<td width="161">Tel: 02171 / 340 58 50</td>
</tr>
</tbody>
</table>
<table style="height: 74px;" width="761">
<tbody>
<tr>
<td width="135">
<h6>Wanderwart</h6>
</td>
<td width="297">Hermann Schratter</td>
<td width="161">Tel: 0214 / 28155</td>
</tr>
</tbody>
</table>

<p>Unser Vorstand Unser Vorstand ist genauso vielseitig wie der Rest unseres Vereins und besteht sowohl aus Mitgliedern mit unschätzbarer jahrzehntelanger Erfahrung als auch aus engagierten Jungimkern. &nbsp; Heike Maniatis  1. Vorsitzende Tel: +49 178 50 80 523 vorsitz1@imkerverein-lev.de eMail schreiben Klaus Thois  2. Vorsitzender Tel: vorsitz2@imkerverein-lev.de eMail schreiben Sascha van Berkum  1. Schriftführer Tel: +49 160 93 96 41 17 schriftfuehrer1@imkerverein-lev.de eMail schreiben Kerstin Laube 2. Schriftführerin Tel: +49 2173 16 17 450 schriftfuehrer2@imkerverein-lev.de eMail schreiben Axel von Platen  1. Kassierer Tel: +49 2171 30298 kassierer1@imkerverein-lev.de eMail schreiben Andrea Schlegel  2. Kassiererin Tel: Kassierer2@imkerverein-lev.de eMail schreiben &nbsp; &nbsp; Unsere Obleute Unsere Spezialisten kennen sich aus. Zu den wichtigsten Themenbereichen der Imerkei stehen unseren Mitgliedern Imkerinnen und Imker mit ihrem Fachwissen zur Verfügung, welches sie sich über viele Jahre angeeignet oder durch spezielle Schulungen erworben haben. &nbsp; &nbsp; &nbsp; &nbsp; Bienensachverständige und Bienengesundheit Dr. Oskar Rau Hermann Schratter Ulrich Rüdiger Paul Baur Tanja Verch David Schmitz Tel: 0221 / 662789 Tel: 0214 / 28155 Tel: 02171 / 760562 Tel: 02193 / 1475 Tel: 01577/ 6046527 Tel: 0177 / 3007650 Honigsachverständige Dr. Oskar Rau Ulrich Rüdiger Tel: 0221 / 662789 Tel: 02171 / 760562 Bienengesundheit Rudi Bauer Tel: 02202 / 7418 Bienenwachs David Schmitz Tel: 0177 / 3007650 Bienenweide Sandra Gebhardt Tel: 0151 / 27557873 Gerätschaften Klaus Thois Tel: 0172 7292390 Internetpräsenz Kerstin Laube Tel: 01578 / 4069539 Königinnenzucht Rudi Bauer Klaus Thois Tel: 02202 / 7418 Tel: 02171 / 7370808 Wildbienen Angela Zerfass Tel: 02171 / 340 58 50 Wanderwart Hermann Schratter Tel: 0214 / 28155</p>
