{"id":526,"date":"2018-11-18T22:11:20","date_gmt":"2018-11-18T22:11:20","guid":{"rendered":"http:\/\/dragundo.de\/?page_id=526"},"modified":"2026-03-09T18:01:41","modified_gmt":"2026-03-09T17:01:41","slug":"unsere-belegstelle","status":"publish","type":"page","link":"https:\/\/imkerverein-lev.de\/?page_id=526","title":{"rendered":"Belegstelle Borkum"},"content":{"rendered":"<h5>Sinn und Zweck der Inselbelegstelle Borkum<\/h5>\n<figure id=\"attachment_722\" aria-describedby=\"caption-attachment-722\" style=\"width: 300px\" class=\"wp-caption alignright\"><img decoding=\"async\" loading=\"lazy\" class=\"wp-image-722 size-medium\" src=\"https:\/\/imkerverein-lev.de\/wp-content\/uploads\/2018\/11\/reedstra\u00dfe-300x200.jpg\" alt=\"\" width=\"300\" height=\"200\" srcset=\"https:\/\/imkerverein-lev.de\/wp-content\/uploads\/2018\/11\/reedstra\u00dfe-300x200.jpg 300w, https:\/\/imkerverein-lev.de\/wp-content\/uploads\/2018\/11\/reedstra\u00dfe-768x512.jpg 768w, https:\/\/imkerverein-lev.de\/wp-content\/uploads\/2018\/11\/reedstra\u00dfe-1024x683.jpg 1024w, https:\/\/imkerverein-lev.de\/wp-content\/uploads\/2018\/11\/reedstra\u00dfe.jpg 1597w\" sizes=\"(max-width: 300px) 100vw, 300px\" \/><figcaption id=\"caption-attachment-722\" class=\"wp-caption-text\">Belegstellenplatz Reedestra\u00dfe<\/figcaption><\/figure>\n<p style=\"text-align: left;\">Die Inselbelegstelle ist ein wichtiger Baustein f\u00fcr unsere Bienenzucht und ist von entscheidender Bedeutung f\u00fcr die Paarungskontrolle.<br \/>\nDie Zuchtarbeit ist ein Faktor in der imkerlichen Betriebsf\u00fchrung und ebenso bedeutend wie die Betriebsweise oder Honiggewinnung.<br \/>\nDie Carnica-Sklenar ist f\u00fcr ihre besondere Sanftm\u00fctigkeit und Leistungsf\u00e4higkeit bekannt und bietet somit hervorragende Eigenschaften f\u00fcr eine Haltung auch in dichter besiedelten R\u00e4umen und St\u00e4dten.<\/p>\n<figure id=\"attachment_723\" aria-describedby=\"caption-attachment-723\" style=\"width: 300px\" class=\"wp-caption alignleft\"><img decoding=\"async\" loading=\"lazy\" class=\"wp-image-723 size-medium\" src=\"https:\/\/imkerverein-lev.de\/wp-content\/uploads\/2018\/11\/s\u00fcdstrand-300x200.jpg\" alt=\"\" width=\"300\" height=\"200\" srcset=\"https:\/\/imkerverein-lev.de\/wp-content\/uploads\/2018\/11\/s\u00fcdstrand-300x200.jpg 300w, https:\/\/imkerverein-lev.de\/wp-content\/uploads\/2018\/11\/s\u00fcdstrand-768x512.jpg 768w, https:\/\/imkerverein-lev.de\/wp-content\/uploads\/2018\/11\/s\u00fcdstrand-1024x683.jpg 1024w, https:\/\/imkerverein-lev.de\/wp-content\/uploads\/2018\/11\/s\u00fcdstrand.jpg 1597w\" sizes=\"(max-width: 300px) 100vw, 300px\" \/><figcaption id=\"caption-attachment-723\" class=\"wp-caption-text\">Belegstellenplatz S\u00fcdstrand<\/figcaption><\/figure>\n<p style=\"text-align: left;\">Nachdem in den 1960er Jahren die Landbelegstellen in Bechen und Altenberg den Anforderungen nicht mehr gen\u00fcgten, war unser 2. Vorsitzender Joseph H\u00f6lzer die treibende Kraft, die Inselbelegstelle Borkum f\u00fcr die Carnika-Sklenar-Reinzucht aufzubauen und zu leiten.<br \/>\nDamit ist es f\u00fcr unser Vereinsgebiet m\u00f6glich, die durch die Verdr\u00e4ngungszucht bei uns geschaffene Carnica-Sklenar typische Standbienen immer wieder aufzufrischen.<br \/>\nZus\u00e4tzlich wird die Inselbelegstelle Borkum auch von vielen Carnica-Sklenar-Z\u00fcchtern aus dem In-und Ausland beschickt.<\/p>\n<p>&nbsp;<\/p>\n<h5>Historie der Inselbelegstelle Borkum<\/h5>\n<figure id=\"attachment_840\" aria-describedby=\"caption-attachment-840\" style=\"width: 198px\" class=\"wp-caption alignright\"><img decoding=\"async\" loading=\"lazy\" class=\"wp-image-840 size-medium\" src=\"https:\/\/imkerverein-lev.de\/wp-content\/uploads\/2018\/12\/11-H\u00f6lzer-Sommerzeit-198x300.jpg\" alt=\"\" width=\"198\" height=\"300\" srcset=\"https:\/\/imkerverein-lev.de\/wp-content\/uploads\/2018\/12\/11-H\u00f6lzer-Sommerzeit-198x300.jpg 198w, https:\/\/imkerverein-lev.de\/wp-content\/uploads\/2018\/12\/11-H\u00f6lzer-Sommerzeit-768x1164.jpg 768w, https:\/\/imkerverein-lev.de\/wp-content\/uploads\/2018\/12\/11-H\u00f6lzer-Sommerzeit-676x1024.jpg 676w, https:\/\/imkerverein-lev.de\/wp-content\/uploads\/2018\/12\/11-H\u00f6lzer-Sommerzeit.jpg 793w\" sizes=\"(max-width: 198px) 100vw, 198px\" \/><figcaption id=\"caption-attachment-840\" class=\"wp-caption-text\">Joseph H\u00f6lzer<\/figcaption><\/figure>\n<p><strong>1970<\/strong> Erstes Belegstellenjahr auf der Insel Borkum.<br \/>\nGr\u00fcnder und Leiter Jakob L\u00fcbbers, Vertreter Joseph H\u00f6lzer.<br \/>\nDie leistungsvorgepr\u00fcften 2a-K\u00f6niginnen f\u00fcr die Vaterv\u00f6lker lieferte Joseph H\u00f6lzer. Er hatte sie in Mistelbach\/\u00d6sterreich bei der Tochter von Sklenar gekauft.<\/p>\n<p>1970&#8212;2a-Zuchtmutter 47\/19\/48 &#8211; Nr.19\/68 Originalk\u00f6nigin aus Mistelbach.<\/p>\n<p>1971&#8212;2a-Zuchtmutter 47\/9\/15 &#8211; Nr.8\/69 Originalk\u00f6nigin aus Mistelbach.<\/p>\n<p>1972&#8212;2a-Zuchtmutter 47\/G\/10 &#8211; Nr.7\/69 Originalk\u00f6nigin aus Mistelbach.<\/p>\n<p>1973&#8212;2a-Zuchtmutter 47\/6\/26 &#8211; Nr.46\/701 Originalk\u00f6nigin aus Mistelbach.<\/p>\n<p style=\"text-align: left;\"><strong>1973<\/strong> Gr\u00fcndung der Zuchtgemeinschaft Borkum aus dem IV Leverkusen heraus.<br \/>\nGr\u00fcndungsmitglieder: Joseph H\u00f6lzer, Bauer, Caspari, Dr. Gestermann, Dr. Lindner, L\u00fcbbers. Unterst\u00fctzer: Bartl, D\u00fcnner, Frau Gestermann, Vincent H\u00f6lzer, Kr\u00f6s, Selbach, S\u00fclz<\/p>\n<figure id=\"attachment_725\" aria-describedby=\"caption-attachment-725\" style=\"width: 300px\" class=\"wp-caption alignleft\"><img decoding=\"async\" loading=\"lazy\" class=\"size-medium wp-image-725\" src=\"https:\/\/imkerverein-lev.de\/wp-content\/uploads\/2018\/11\/ostbake-300x225.jpg\" alt=\"\" width=\"300\" height=\"225\" srcset=\"https:\/\/imkerverein-lev.de\/wp-content\/uploads\/2018\/11\/ostbake-300x225.jpg 300w, https:\/\/imkerverein-lev.de\/wp-content\/uploads\/2018\/11\/ostbake-768x576.jpg 768w, https:\/\/imkerverein-lev.de\/wp-content\/uploads\/2018\/11\/ostbake-1024x768.jpg 1024w, https:\/\/imkerverein-lev.de\/wp-content\/uploads\/2018\/11\/ostbake.jpg 1600w\" sizes=\"(max-width: 300px) 100vw, 300px\" \/><figcaption id=\"caption-attachment-725\" class=\"wp-caption-text\">Ostbake-Nord-Ost Borkum<\/figcaption><\/figure>\n<p><strong>1977<\/strong> Errichtung des Immenhus durch Jakob L\u00fcbbers.<\/p>\n<p><strong>1978<\/strong> Am 1. August starb Jakob L\u00fcbbers. H\u00f6lzer\/Dr. Gestermann haben die vorhandenen Belegstellenv\u00f6lker (\u00fcberwiegend 47\/9\/15) selektiert und f\u00fcr 1979 als Vaterv\u00f6lker belassen.<\/p>\n<p><strong>1979<\/strong> \u00dcbernahme des Immenhus und Erweiterungsbau in Vereinsbesitz.<\/p>\n<p><img decoding=\"async\" loading=\"lazy\" class=\"wp-image-727 size-medium alignright\" src=\"https:\/\/imkerverein-lev.de\/wp-content\/uploads\/2018\/11\/schreibarbeiten-300x225.jpg\" alt=\"\" width=\"300\" height=\"225\" srcset=\"https:\/\/imkerverein-lev.de\/wp-content\/uploads\/2018\/11\/schreibarbeiten-300x225.jpg 300w, https:\/\/imkerverein-lev.de\/wp-content\/uploads\/2018\/11\/schreibarbeiten-768x576.jpg 768w, https:\/\/imkerverein-lev.de\/wp-content\/uploads\/2018\/11\/schreibarbeiten-1024x768.jpg 1024w, https:\/\/imkerverein-lev.de\/wp-content\/uploads\/2018\/11\/schreibarbeiten.jpg 1600w\" sizes=\"(max-width: 300px) 100vw, 300px\" \/><\/p>\n<p>Den Kaufpreis \u00fcbernahm die Bayer AG.<\/p>\n<p><strong>1991<\/strong> 9. September &#8211; \u00dcbernahme und Betreuung der Belegstellenv\u00f6lker durch Klaas G. Teerling und Beginn der Belegstellenleitung durch Rudi Bauer.<\/p>\n<p><strong>2006<\/strong> Betreuung und Belegstellenleitung durch Rudi Bauer. Unterst\u00fctzer: Ingrid Bauer, Dr. Baur, Berthold, Caspari, Dr\u00e4ger, Faulhaber, Giel, Ortl, Dr.Rau, Sch\u00fcler, Inge Teerling, Schwarzer, Thois, Tissen, Uhlenbruck.<\/p>\n<p>&nbsp;<\/p>\n<p>&nbsp;<\/p>\n<p>&nbsp;<\/p>\n<table border=\"0\" width=\"100%\" cellspacing=\"0\" cellpadding=\"0\">\n<colgroup>\n<col width=\"85*\" \/>\n<col width=\"85*\" \/>\n<col width=\"85*\" \/> <\/colgroup>\n<tbody>\n<tr valign=\"TOP\">\n<td width=\"33%\"><img decoding=\"async\" loading=\"lazy\" class=\"aligncenter size-medium wp-image-730\" src=\"https:\/\/imkerverein-lev.de\/wp-content\/uploads\/2018\/11\/ankunft-300x225.jpg\" alt=\"\" width=\"300\" height=\"225\" srcset=\"https:\/\/imkerverein-lev.de\/wp-content\/uploads\/2018\/11\/ankunft-300x225.jpg 300w, https:\/\/imkerverein-lev.de\/wp-content\/uploads\/2018\/11\/ankunft-768x576.jpg 768w, https:\/\/imkerverein-lev.de\/wp-content\/uploads\/2018\/11\/ankunft-1024x768.jpg 1024w, https:\/\/imkerverein-lev.de\/wp-content\/uploads\/2018\/11\/ankunft.jpg 1600w\" sizes=\"(max-width: 300px) 100vw, 300px\" \/><\/td>\n<td width=\"33%\"><img decoding=\"async\" loading=\"lazy\" class=\"aligncenter size-medium wp-image-731\" src=\"https:\/\/imkerverein-lev.de\/wp-content\/uploads\/2018\/11\/kontrolle-300x225.jpg\" alt=\"\" width=\"300\" height=\"225\" srcset=\"https:\/\/imkerverein-lev.de\/wp-content\/uploads\/2018\/11\/kontrolle-300x225.jpg 300w, https:\/\/imkerverein-lev.de\/wp-content\/uploads\/2018\/11\/kontrolle-768x576.jpg 768w, https:\/\/imkerverein-lev.de\/wp-content\/uploads\/2018\/11\/kontrolle-1024x768.jpg 1024w, https:\/\/imkerverein-lev.de\/wp-content\/uploads\/2018\/11\/kontrolle.jpg 1600w\" sizes=\"(max-width: 300px) 100vw, 300px\" \/><\/td>\n<td width=\"33%\"><img decoding=\"async\" loading=\"lazy\" class=\"aligncenter size-medium wp-image-732\" src=\"https:\/\/imkerverein-lev.de\/wp-content\/uploads\/2018\/11\/drohnenfreiheit-300x225.jpg\" alt=\"\" width=\"300\" height=\"225\" srcset=\"https:\/\/imkerverein-lev.de\/wp-content\/uploads\/2018\/11\/drohnenfreiheit-300x225.jpg 300w, https:\/\/imkerverein-lev.de\/wp-content\/uploads\/2018\/11\/drohnenfreiheit-768x576.jpg 768w, https:\/\/imkerverein-lev.de\/wp-content\/uploads\/2018\/11\/drohnenfreiheit-1024x768.jpg 1024w, https:\/\/imkerverein-lev.de\/wp-content\/uploads\/2018\/11\/drohnenfreiheit.jpg 1600w\" sizes=\"(max-width: 300px) 100vw, 300px\" \/><\/td>\n<\/tr>\n<\/tbody>\n<\/table>\n<p>&nbsp;<\/p>\n<h5>Belegstellenleitung<\/h5>\n<p>Rudi Bauer<br \/>\nFasanenweg 14<br \/>\n51519 Odenthal<br \/>\nTel: 02202\/ 7418<br \/>\neMail: <a href=\"mailto:ingrid.rudi@gmx.de\">ingrid.rudi@gmx.de<\/a><\/p>\n<p>&nbsp;<\/p>\n<p>Klaus Thois<br \/>\nKolberger Str. 59<br \/>\n51381 Leverkusen<br \/>\nTel: 0172\/7292390<br \/>\neMail: Vorsitz2@imkerverein-lev.de<\/p>\n<p>&nbsp;<\/p>\n<p>Die <strong>Hinweise zur aktuellen Saison<\/strong> finden Sie <a href=\"https:\/\/imkerverein-lev.de\/?page_id=744\">hier<\/a>.<br \/>\nDen <strong>Abstammungsnachweis<\/strong> finden Sie <a href=\"https:\/\/imkerverein-lev.de\/?page_id=1483\">hier<\/a>.<\/p>\n","protected":false},"excerpt":{"rendered":"<p>Sinn und Zweck der Inselbelegstelle Borkum Die Inselbelegstelle ist ein wichtiger Baustein f\u00fcr unsere Bienenzucht und ist von entscheidender Bedeutung f\u00fcr die Paarungskontrolle. Die Zuchtarbeit ist ein Faktor in der imkerlichen Betriebsf\u00fchrung und ebenso bedeutend wie die Betriebsweise oder Honiggewinnung. Die Carnica-Sklenar ist f\u00fcr ihre besondere Sanftm\u00fctigkeit und Leistungsf\u00e4higkeit bekannt und bietet somit hervorragende Eigenschaften f\u00fcr eine Haltung auch in dichter besiedelten R\u00e4umen und St\u00e4dten. Nachdem in den 1960er Jahren die Landbelegstellen in Bechen und Altenberg den Anforderungen nicht mehr gen\u00fcgten, war unser 2. Vorsitzender Joseph H\u00f6lzer die treibende Kraft, die Inselbelegstelle Borkum f\u00fcr die Carnika-Sklenar-Reinzucht aufzubauen und zu leiten. Damit ist es f\u00fcr unser Vereinsgebiet m\u00f6glich, die durch die Verdr\u00e4ngungszucht bei uns geschaffene Carnica-Sklenar typische Standbienen immer wieder aufzufrischen. Zus\u00e4tzlich wird die Inselbelegstelle Borkum auch von vielen Carnica-Sklenar-Z\u00fcchtern aus dem In-und Ausland beschickt. &nbsp; Historie der Inselbelegstelle Borkum 1970 Erstes Belegstellenjahr auf der Insel Borkum. Gr\u00fcnder und Leiter Jakob L\u00fcbbers, Vertreter Joseph H\u00f6lzer. Die leistungsvorgepr\u00fcften 2a-K\u00f6niginnen f\u00fcr die Vaterv\u00f6lker lieferte Joseph H\u00f6lzer. Er hatte sie in Mistelbach\/\u00d6sterreich bei der Tochter von Sklenar gekauft. 1970&#8212;2a-Zuchtmutter 47\/19\/48 &#8211; Nr.19\/68 Originalk\u00f6nigin aus Mistelbach. 1971&#8212;2a-Zuchtmutter 47\/9\/15 &#8211; Nr.8\/69 Originalk\u00f6nigin aus Mistelbach. 1972&#8212;2a-Zuchtmutter 47\/G\/10 &#8211; Nr.7\/69 Originalk\u00f6nigin aus Mistelbach. 1973&#8212;2a-Zuchtmutter 47\/6\/26 &#8211; Nr.46\/701 Originalk\u00f6nigin aus Mistelbach. 1973 Gr\u00fcndung der Zuchtgemeinschaft Borkum aus dem IV Leverkusen heraus. Gr\u00fcndungsmitglieder: Joseph H\u00f6lzer, Bauer, Caspari, Dr. Gestermann, Dr. Lindner, L\u00fcbbers. Unterst\u00fctzer: Bartl, D\u00fcnner, Frau Gestermann, Vincent H\u00f6lzer, Kr\u00f6s, Selbach, S\u00fclz 1977 Errichtung des Immenhus durch Jakob L\u00fcbbers. 1978 Am 1. August starb Jakob L\u00fcbbers. H\u00f6lzer\/Dr. Gestermann haben die vorhandenen Belegstellenv\u00f6lker (\u00fcberwiegend 47\/9\/15) selektiert und f\u00fcr 1979 als Vaterv\u00f6lker belassen. 1979 \u00dcbernahme des Immenhus und Erweiterungsbau in Vereinsbesitz. Den Kaufpreis \u00fcbernahm die Bayer AG. 1991 9. September &#8211; \u00dcbernahme und Betreuung der Belegstellenv\u00f6lker durch Klaas G. Teerling und Beginn der Belegstellenleitung durch Rudi Bauer. 2006 Betreuung und Belegstellenleitung durch Rudi Bauer. Unterst\u00fctzer: Ingrid Bauer, Dr. Baur, Berthold, Caspari, Dr\u00e4ger, Faulhaber, Giel, Ortl, Dr.Rau, Sch\u00fcler, Inge Teerling, Schwarzer, Thois, Tissen, Uhlenbruck. &nbsp; &nbsp; &nbsp; &nbsp; Belegstellenleitung Rudi Bauer Fasanenweg 14 51519 Odenthal Tel: 02202\/ 7418 eMail: ingrid.rudi@gmx.de &nbsp; Klaus Thois Kolberger Str. 59 51381 Leverkusen Tel: 0172\/7292390 eMail: Vorsitz2@imkerverein-lev.de &nbsp; Die Hinweise zur aktuellen Saison finden Sie hier. Den Abstammungsnachweis finden Sie hier.<\/p>\n","protected":false},"author":1,"featured_media":0,"parent":0,"menu_order":0,"comment_status":"closed","ping_status":"closed","template":"","meta":{"_bbp_topic_count":0,"_bbp_reply_count":0,"_bbp_total_topic_count":0,"_bbp_total_reply_count":0,"_bbp_voice_count":0,"_bbp_anonymous_reply_count":0,"_bbp_topic_count_hidden":0,"_bbp_reply_count_hidden":0,"_bbp_forum_subforum_count":0},"_links":{"self":[{"href":"https:\/\/imkerverein-lev.de\/index.php?rest_route=\/wp\/v2\/pages\/526"}],"collection":[{"href":"https:\/\/imkerverein-lev.de\/index.php?rest_route=\/wp\/v2\/pages"}],"about":[{"href":"https:\/\/imkerverein-lev.de\/index.php?rest_route=\/wp\/v2\/types\/page"}],"author":[{"embeddable":true,"href":"https:\/\/imkerverein-lev.de\/index.php?rest_route=\/wp\/v2\/users\/1"}],"replies":[{"embeddable":true,"href":"https:\/\/imkerverein-lev.de\/index.php?rest_route=%2Fwp%2Fv2%2Fcomments&post=526"}],"version-history":[{"count":10,"href":"https:\/\/imkerverein-lev.de\/index.php?rest_route=\/wp\/v2\/pages\/526\/revisions"}],"predecessor-version":[{"id":2133,"href":"https:\/\/imkerverein-lev.de\/index.php?rest_route=\/wp\/v2\/pages\/526\/revisions\/2133"}],"wp:attachment":[{"href":"https:\/\/imkerverein-lev.de\/index.php?rest_route=%2Fwp%2Fv2%2Fmedia&parent=526"}],"curies":[{"name":"wp","href":"https:\/\/api.w.org\/{rel}","templated":true}]}}