{"id":714,"date":"2018-11-27T21:41:01","date_gmt":"2018-11-27T21:41:01","guid":{"rendered":"http:\/\/dragundo.de\/?page_id=714"},"modified":"2025-06-17T18:59:54","modified_gmt":"2025-06-17T17:59:54","slug":"vereinshistorie","status":"publish","type":"page","link":"https:\/\/imkerverein-lev.de\/?page_id=714","title":{"rendered":"Vereinshistorie"},"content":{"rendered":"<h5>1. Gr\u00fcndung 1899 als &#8220;Bienenzuchtverein Schlebusch und Umgebung&#8221;<\/h5>\n<p style=\"text-align: left;\"><span style=\"font-size: medium;\"> Dieser Verein wurde 70 Jahre lang (bis 1969) von nur drei Vorsitzenden gef\u00fchrt.<br \/>\nSchon bald wurde gro\u00dfer Wert auf die K\u00f6niginnenzucht mit Sklenar-K\u00f6niginnen gelegt, woraus sich die Z\u00fcchtergemeinschaft unter der F\u00fchrung von Josef H\u00f6lzer entwickelt hat.<\/span><\/p>\n<p>&nbsp;<\/p>\n<h5>2. Gr\u00fcndung 1939 als &#8220;Ortsfachgruppe Imker&#8221;<\/h5>\n<p style=\"text-align: left;\">1945 als &#8220;Bienenzuchtverein Leverkusen&#8221;<br \/>\n1953 als &#8220;Imkerverein Bayer&#8221;<\/p>\n<p>&nbsp;<\/p>\n<h5>Zusammenschluss beider Vereine 1970 als &#8220;Vereinigter Imkervein Bayer und Schlebusch, Leverkusen&#8221;<\/h5>\n<p style=\"text-align: left;\"><span style=\"font-size: medium;\">Die K\u00f6niginnen-Belegstelle auf der Insel Borkum erh\u00e4lt 1979 ein neues Imkerhaus mit \u00dcbernachtungsm\u00f6glichkeiten.<br \/>\nAb 1991 erlangt der Verein den Status der Gemeinn\u00fctzigkeit.<br \/>\nIm Jahre 1999 feierte der Verein sein 100-j\u00e4hriges Jubil\u00e4um im Schloss Morsbroich mit vielen prominenten G\u00e4sten und einer gro\u00dfen Ausstellung.<br \/>\nIn den letzten zehn Jahren wuchs der Verein dank der angebotenen Imkerkurse in Bechen und aufgrund des Insektensterbens besonders stark.<\/span><\/p>\n<p>&nbsp;<\/p>\n<h5>Umbenennung des Vereins in &#8220;Imkerverein Leverkusen e.V.<\/h5>\n<p>2025 wurde unser Verein umbenannt.<\/p>\n<p>&nbsp;<\/p>\n<h5>Entwicklung des Vereins<\/h5>\n<table width=\"400\">\n<tbody>\n<tr>\n<td width=\"186\">Jahr<\/td>\n<td width=\"187\">Aktive Mitglieder<\/td>\n<td width=\"187\">V\u00f6lker<\/td>\n<\/tr>\n<tr>\n<td width=\"186\">1899<\/td>\n<td width=\"187\">15<\/td>\n<td width=\"187\"><\/td>\n<\/tr>\n<tr>\n<td width=\"186\">1905<\/td>\n<td width=\"187\">29<\/td>\n<td width=\"187\">160<\/td>\n<\/tr>\n<tr>\n<td width=\"186\">1918<\/td>\n<td width=\"187\">45<\/td>\n<td width=\"187\">212<\/td>\n<\/tr>\n<tr>\n<td width=\"186\">1970<\/td>\n<td width=\"187\">71<\/td>\n<td width=\"187\">710<\/td>\n<\/tr>\n<tr>\n<td width=\"186\">1989<\/td>\n<td width=\"187\">85<\/td>\n<td width=\"187\">800<\/td>\n<\/tr>\n<tr>\n<td width=\"186\">1999<\/td>\n<td width=\"187\">67<\/td>\n<td width=\"187\">ca. 750<\/td>\n<\/tr>\n<tr>\n<td width=\"186\">2007<\/td>\n<td width=\"187\">56<\/td>\n<td width=\"187\">472<\/td>\n<\/tr>\n<tr>\n<td width=\"186\">2017<\/td>\n<td width=\"187\">123<\/td>\n<td width=\"187\">1017<\/td>\n<\/tr>\n<tr>\n<td width=\"186\">2018<\/td>\n<td width=\"187\">136<\/td>\n<td width=\"187\">1068<\/td>\n<\/tr>\n<tr>\n<td width=\"186\">2024<\/td>\n<td width=\"187\">148<\/td>\n<td width=\"187\">1105<\/td>\n<\/tr>\n<\/tbody>\n<\/table>\n","protected":false},"excerpt":{"rendered":"<p>1. Gr\u00fcndung 1899 als &#8220;Bienenzuchtverein Schlebusch und Umgebung&#8221; Dieser Verein wurde 70 Jahre lang (bis 1969) von nur drei Vorsitzenden gef\u00fchrt. Schon bald wurde gro\u00dfer Wert auf die K\u00f6niginnenzucht mit Sklenar-K\u00f6niginnen gelegt, woraus sich die Z\u00fcchtergemeinschaft unter der F\u00fchrung von Josef H\u00f6lzer entwickelt hat. &nbsp; 2. Gr\u00fcndung 1939 als &#8220;Ortsfachgruppe Imker&#8221; 1945 als &#8220;Bienenzuchtverein Leverkusen&#8221; 1953 als &#8220;Imkerverein Bayer&#8221; &nbsp; Zusammenschluss beider Vereine 1970 als &#8220;Vereinigter Imkervein Bayer und Schlebusch, Leverkusen&#8221; Die K\u00f6niginnen-Belegstelle auf der Insel Borkum erh\u00e4lt 1979 ein neues Imkerhaus mit \u00dcbernachtungsm\u00f6glichkeiten. Ab 1991 erlangt der Verein den Status der Gemeinn\u00fctzigkeit. Im Jahre 1999 feierte der Verein sein 100-j\u00e4hriges Jubil\u00e4um im Schloss Morsbroich mit vielen prominenten G\u00e4sten und einer gro\u00dfen Ausstellung. In den letzten zehn Jahren wuchs der Verein dank der angebotenen Imkerkurse in Bechen und aufgrund des Insektensterbens besonders stark. &nbsp; Umbenennung des Vereins in &#8220;Imkerverein Leverkusen e.V. 2025 wurde unser Verein umbenannt. &nbsp; Entwicklung des Vereins Jahr Aktive Mitglieder V\u00f6lker 1899 15 1905 29 160 1918 45 212 1970 71 710 1989 85 800 1999 67 ca. 750 2007 56 472 2017 123 1017 2018 136 1068 2024 148 1105<\/p>\n","protected":false},"author":1,"featured_media":0,"parent":0,"menu_order":0,"comment_status":"closed","ping_status":"closed","template":"","meta":{"_bbp_topic_count":0,"_bbp_reply_count":0,"_bbp_total_topic_count":0,"_bbp_total_reply_count":0,"_bbp_voice_count":0,"_bbp_anonymous_reply_count":0,"_bbp_topic_count_hidden":0,"_bbp_reply_count_hidden":0,"_bbp_forum_subforum_count":0},"_links":{"self":[{"href":"https:\/\/imkerverein-lev.de\/index.php?rest_route=\/wp\/v2\/pages\/714"}],"collection":[{"href":"https:\/\/imkerverein-lev.de\/index.php?rest_route=\/wp\/v2\/pages"}],"about":[{"href":"https:\/\/imkerverein-lev.de\/index.php?rest_route=\/wp\/v2\/types\/page"}],"author":[{"embeddable":true,"href":"https:\/\/imkerverein-lev.de\/index.php?rest_route=\/wp\/v2\/users\/1"}],"replies":[{"embeddable":true,"href":"https:\/\/imkerverein-lev.de\/index.php?rest_route=%2Fwp%2Fv2%2Fcomments&post=714"}],"version-history":[{"count":3,"href":"https:\/\/imkerverein-lev.de\/index.php?rest_route=\/wp\/v2\/pages\/714\/revisions"}],"predecessor-version":[{"id":2099,"href":"https:\/\/imkerverein-lev.de\/index.php?rest_route=\/wp\/v2\/pages\/714\/revisions\/2099"}],"wp:attachment":[{"href":"https:\/\/imkerverein-lev.de\/index.php?rest_route=%2Fwp%2Fv2%2Fmedia&parent=714"}],"curies":[{"name":"wp","href":"https:\/\/api.w.org\/{rel}","templated":true}]}}

<h5>1. Gründung 1899 als &#8220;Bienenzuchtverein Schlebusch und Umgebung&#8221;</h5>
<p style="text-align: left;"><span style="font-size: medium;"> Dieser Verein wurde 70 Jahre lang (bis 1969) von nur drei Vorsitzenden geführt.<br />
Schon bald wurde großer Wert auf die Königinnenzucht mit Sklenar-Königinnen gelegt, woraus sich die Züchtergemeinschaft unter der Führung von Josef Hölzer entwickelt hat.</span></p>
<p>&nbsp;</p>
<h5>2. Gründung 1939 als &#8220;Ortsfachgruppe Imker&#8221;</h5>
<p style="text-align: left;">1945 als &#8220;Bienenzuchtverein Leverkusen&#8221;<br />
1953 als &#8220;Imkerverein Bayer&#8221;</p>
<p>&nbsp;</p>
<h5>Zusammenschluss beider Vereine 1970 als &#8220;Vereinigter Imkervein Bayer und Schlebusch, Leverkusen&#8221;</h5>
<p style="text-align: left;"><span style="font-size: medium;">Die Königinnen-Belegstelle auf der Insel Borkum erhält 1979 ein neues Imkerhaus mit Übernachtungsmöglichkeiten.<br />
Ab 1991 erlangt der Verein den Status der Gemeinnützigkeit.<br />
Im Jahre 1999 feierte der Verein sein 100-jähriges Jubiläum im Schloss Morsbroich mit vielen prominenten Gästen und einer großen Ausstellung.<br />
In den letzten zehn Jahren wuchs der Verein dank der angebotenen Imkerkurse in Bechen und aufgrund des Insektensterbens besonders stark.</span></p>
<p>&nbsp;</p>
<h5>Umbenennung des Vereins in &#8220;Imkerverein Leverkusen e.V.</h5>
<p>2025 wurde unser Verein umbenannt.</p>
<p>&nbsp;</p>
<h5>Entwicklung des Vereins</h5>
<table width="400">
<tbody>
<tr>
<td width="186">Jahr</td>
<td width="187">Aktive Mitglieder</td>
<td width="187">Völker</td>
</tr>
<tr>
<td width="186">1899</td>
<td width="187">15</td>
<td width="187"></td>
</tr>
<tr>
<td width="186">1905</td>
<td width="187">29</td>
<td width="187">160</td>
</tr>
<tr>
<td width="186">1918</td>
<td width="187">45</td>
<td width="187">212</td>
</tr>
<tr>
<td width="186">1970</td>
<td width="187">71</td>
<td width="187">710</td>
</tr>
<tr>
<td width="186">1989</td>
<td width="187">85</td>
<td width="187">800</td>
</tr>
<tr>
<td width="186">1999</td>
<td width="187">67</td>
<td width="187">ca. 750</td>
</tr>
<tr>
<td width="186">2007</td>
<td width="187">56</td>
<td width="187">472</td>
</tr>
<tr>
<td width="186">2017</td>
<td width="187">123</td>
<td width="187">1017</td>
</tr>
<tr>
<td width="186">2018</td>
<td width="187">136</td>
<td width="187">1068</td>
</tr>
<tr>
<td width="186">2024</td>
<td width="187">148</td>
<td width="187">1105</td>
</tr>
</tbody>
</table>

<p>1. Gründung 1899 als &#8220;Bienenzuchtverein Schlebusch und Umgebung&#8221; Dieser Verein wurde 70 Jahre lang (bis 1969) von nur drei Vorsitzenden geführt. Schon bald wurde großer Wert auf die Königinnenzucht mit Sklenar-Königinnen gelegt, woraus sich die Züchtergemeinschaft unter der Führung von Josef Hölzer entwickelt hat. &nbsp; 2. Gründung 1939 als &#8220;Ortsfachgruppe Imker&#8221; 1945 als &#8220;Bienenzuchtverein Leverkusen&#8221; 1953 als &#8220;Imkerverein Bayer&#8221; &nbsp; Zusammenschluss beider Vereine 1970 als &#8220;Vereinigter Imkervein Bayer und Schlebusch, Leverkusen&#8221; Die Königinnen-Belegstelle auf der Insel Borkum erhält 1979 ein neues Imkerhaus mit Übernachtungsmöglichkeiten. Ab 1991 erlangt der Verein den Status der Gemeinnützigkeit. Im Jahre 1999 feierte der Verein sein 100-jähriges Jubiläum im Schloss Morsbroich mit vielen prominenten Gästen und einer großen Ausstellung. In den letzten zehn Jahren wuchs der Verein dank der angebotenen Imkerkurse in Bechen und aufgrund des Insektensterbens besonders stark. &nbsp; Umbenennung des Vereins in &#8220;Imkerverein Leverkusen e.V. 2025 wurde unser Verein umbenannt. &nbsp; Entwicklung des Vereins Jahr Aktive Mitglieder Völker 1899 15 1905 29 160 1918 45 212 1970 71 710 1989 85 800 1999 67 ca. 750 2007 56 472 2017 123 1017 2018 136 1068 2024 148 1105</p>
